 - -12
8
Evaluate 1 - ((3 - 1 - 3) + 0).
2
Calculate 0 - 1 - (-24 - -13).
10
Calculate (-7 - -20 - 0) + -5.
8
What is the value of 0 + (1 - -9) - 3 - 3?
4
What is the value of -2 + -1 + 10 + -6?
1
What is the value of 1 + -5 + 134 + -128?
2
What is 2 - -1 - (3 - -3)?
-3
Evaluate -6 + (-2 - 5) + 4 - -4.
-5
Evaluate 16 + -10 + (-4 - -1).
3
-1 + 12 + -6 + -11
-6
Calculate 12 - 11 - (0 + (-1 - -1)).
1
Evaluate (1 - -11) + -36 + 30.
6
What is (2 - 0) + (0 - -2) + 1?
5
What is the value of 8 - (-8 + 20 - 2)?
-2
Evaluate 3 + (1 - 0) - (17 + -15).
2
What is the value of -5 + (-9 - -18) + -1 + 3?
6
Evaluate (-2 - -8 - (-9 + 15)) + 3.
3
What is 1 + -4 + 2 - -2?
1
Calculate -3 + (-1 - (-4 - 3)).
3
What is the value of 7 + -12 - (-5 - 0)?
0
What is the value of (5 - -1 - 11) + (0 - -10)?
5
0 + -1 + (3 - -1 - 4)
-1
What is the value of -7 + -1 + 6 + -1 + 0?
-3
0 + (2 - -3 - -7) + -2
10
Evaluate -3 + 6 + 5 - 6.
2
Calculate -5 + -7 + 4 + 1 + 8.
1
10 - (1 + (4 - 7) + 6)
6
What is the value of 2 + (-5 + 3 - -3)?
3
What is the value of 5 - -1 - 7 - (5 + -1)?
-5
What is the value of 0 + -2 + (9 - (12 + 6))?
-11
What is the value of -17 + 35 + 1 + -12?
7
What is the value of -2 + -7 + -20 + 29?
0
What is the value of (1 - 6) + 0 + 7 + -4?
-2
What is 0 + 5 - (-18 + 20)?
3
-1 - (-4 - 0 - -8)
-5
Evaluate 0 + 2 + (4 - 8) + 0.
-2
Calculate (-7 - (3 - 6)) + 0 + -2.
-6
Calculate (-4 - -4) + 1 - (-2 + 0).
3
Evaluate (-2 - 1) + -1 + 1.
-3
0 - -8 - (-28 - -41)
-5
What is the value of -4 + 4 + 0 + -2 - 0?
-2
What is the value of 18 - 0 - (30 + -21)?
9
What is -3 + 4 + 1 + 9 + -7?
4
What is -11 + (-6 + 12 - 4)?
-9
Evaluate -8 + 7 + 14 - 9.
4
What is (6 - 4 - -1) + 2?
5
Calculate 7 - (-3 + 15 - 12).
7
What is (1 - 4 - 1) + (0 - -2)?
-2
Evaluate 2 + (14 + -6 - 0).
10
Evaluate -2 + 3 + 1 + (3 - 3).
2
What is 12 + -13 - (0 - 0)?
-1
0 + (1 - (4 - 4))
1
Evaluate -4 - (-6 - -4 - 0 - 1).
-1
Evaluate 1 + 0 + 0 + 6 + -8.
-1
What is -2 - (1 + -6 + -2 + 1)?
4
4 - (4 + -3 - -4)
-1
-4 + (-11 - 3) + (2 - -5)
-11
3 - (4 - (-2 - -8) - 0)
5
Calculate -16 + 17 - (3 - (0 + 1)).
-1
Evaluate -2 + -1 - (-4 - 1).
2
What is 0 - (-7 - (-7 - 2))?
-2
Evaluate 1 - (-2 + 0) - (-10 - -15).
-2
Calculate -2 - (2 + -9 + 0).
5
Calculate 2 + -2 + -2 - -3 - 0.
1
Evaluate -4 + -1 - (-2 + 1).
-4
7 - (-1 + (3 - -1))
4
-2 - (0 - (4 + -4))
-2
Evaluate -6 + -2 - (4 + -12 - -4).
-4
What is the value of (-3 - 6) + 14 - 6?
-1
What is the value of 4 + 2 - (5 - -5)?
-4
-10 - -6 - (5 + -9)
0
2 + (2 - 0) - 7
-3
2 + -1 - 4 - -1
-2
Calculate 13 - 8 - (7 - 7) - 1.
4
What is 3 - (4 + 2 + -8)?
5
Calculate -3 - (-5 + (1 - (1 + -3))).
-1
(-14 - -7) + 5 + 10
8
0 + 4 + (94 - 92)
6
What is 2 - ((3 - 0) + (4 - 0))?
-5
What is 8 - (1 + 3 + -1)?
5
Evaluate -1 + -7 + 4 + -1 + 5.
0
Evaluate -6 - ((-11 - -7) + 3 + 0).
-5
What is the value of -5 + 4 + -4 + 3?
-2
What is the value of 0 + (-2 + (9 - 2) - 1)?
4
What is the value of 2 - (-4 + 4 + 4 + -3)?
1
What is the value of 3 - (2 + 4) - (-17 + 11)?
3
Evaluate 1 + (-7 - (-14 - -4)).
4
Evaluate (12 - (-6 - -15)) + (-2 - 1).
0
What is the value of -6 + (12 - 2) - -1?
5
Calculate -1 - (-3 - (4 - 2)).
4
-4 + (6 + 0 - (-3 + 5))
0
2 + -1 + 4 - (10 - 2)
-3
What is the value of 3 - (5 + -5 - (2 - 1))?
4
Calculate 4 + (-6 - -10 - 3) + 0.
5
-2 + 0 + (-22 - -20 - -3)
-1
What is the value of 0 + 4 + -4 + 0 - 1?
-1
What is the value of -7 - (-4 + -6 + 13)?
-10
6 + -1 - 15 - -15
5
(-1 - (5 + -1)) + 9 + -7
-3
What is the value of (-5 - -1) + -8 + -7 + 14?
-5
Calculate -6 + 5 - -2 - (-3 + 2).
2
What is the value of (4 - 4) + 3 + (1 - 1)?
3
What is (4 - (-5 + 5)) + (0 - 1)?
3
-8 + (-1 - -11) + (-35 - -30)
-3
Evaluate (-1 + -1 - -4) + (3 - 1).
4
What is the value of -2 - -7 - (0 - -3)?
2
Calculate (-1 - 0) + (-4 - (-2 + -1)).
-2
What is the value of 5 + (3 - (-5 + 7 + 2))?
4
What is the value of 9 + (-6 - -2) - 1?
4
(-2 - -13) + -1 + -3 + -6
1
What is the value of 22 + -24 + (2 - -1)?
1
-4 + (2 + 1 - 0 - -3)
2
What is 20 - 17 - (4 + (-4 - 1))?
4
What is -4 - (-6 + (2 - -3))?
-3
(4 - (0 - -4)) + -2 + 8
6
Evaluate -9 - -1 - (-23 + 16).
-1
Calculate 5 - (15 - 5 - (-1 - -5)).
-1
What is 1 - 4 - -4 - (3 + 1)?
-3
What is -4 + -3 + -26 + 33?
0
What is the value of -1 + (12 - 5 - 0) + -7?
-1
What is the value of 1 + 4 + 2 + -5?
2
Calculate 6 + (2 - 5) + 3.
6
What is -6 + 3 + 7 + -1 + -2?
1
Evaluate 6 + -14 + (4 - -15).
11
Evaluate 8 + -9 + -14 + 9.
-6
Calculate 3 - (2 - (-3 - -10)).
8
8 - 8 - (2 - -1)
-3
(0 - (0 + -2 + 4)) + 2
0
What is 1 - -4 - (4 + 0) - 3?
-2
What is the value of -1 + 1 - (2 - 5)?
3
Calculate -5 - (-3 - (8 + -12)).
-6
What is the value of 3 - 1 - 1 - 6?
-5
What is -5 + 11 + 4 + -5?
5
What is 6 + -2 + 2 + -4 + 4?
6
Calculate 5 + 13 + -12 + 0 + -2.
4
What is the value of 7 + (8 + 2 - 17)?
0
What is the value of (-23 - -20) + -2 + 2 - -11?
8
Evaluate -7 + 1 + 6 + -6 + 2.
-4
What is the value of -1 - (-4 - ((3 - 14) + 2))?
-6
What is the value of (-8 - (-18 - -8)) + 2?
4
Evaluate 6 - 4 - 1 - -5.
6
Evaluate (4 - 15) + 1 + 10.
0
-11 + (5 - -4) + 4
2
(-2 - (-6 - 2)) + -12
-6
What is the value of (3 - 0) + (1 - -3 - 5)?
2
Evaluate -1 + 1 + -4 + 4 + 1.
1
What is the value of 0 + (-2 - (-6 - 0))?
4
What is (-3 - -1) + 1 + 1 + -2?
-2
-4 + 1 + 6 + (-1 - 0)
2
Calculate (-2 - -4) + (-4 - -2) - -2.
2
What is the value of 1 - 0 - ((-2 - 6) + 6)?
3
Calculate 2 + (2 - (3 - -5)) - 1.
-5
What is the value of -7 - -4 - (-1 + -3) - 4?
-3
What is -1 + -3 - (0 - (-7 + 7))?
-4
Evaluate 2 + (-10 - -10 - (0 - 0)).
2
What is 91 + -93 - (4 - (-1 - 0))?
-7
Evaluate (2 - (-1 + 6)) + -8 + 8.
-3
Calculate -3 - (4 + -3 + 2 - 2).
-4
Evaluate -1 - (0 - (5 + -3 + 0)).
1
4 - 0 - (-12 - -11) - 5
0
What is the value of -3 + (23 - 9) - (5 + -1)?
7
0 + 3 - (-7 + 11)
-1
Calculate -4 + (-4 + 3 + 9 - 4).
0
What is (-7 - (-3 - 6)) + (0 - 1)?
1
-3 + 6 - 6 - (-2 + -1)
0
Calculate (-12 - -11) + -10 + 14.
3
Calculate -4 + (-5 - -9) - 1.
-1
What is 3 + 2 + -4 + (7 - 9)?
-1
(-8 - -2 - -13) + 0
7
1 + (-14 - -7 - -9)
3
What is (-1 - 1) + 1 + (-49 - -51)?
1
Evaluate 8 - (5 + (6 - 13) + 20).
-10
What is -4 + (-2 - -1) + 22 + -21?
-4
What is the value of 2 + 2 + -3 + 4?
5
(11 + -16 - (-1 - 0)) + 6
2
Calculate (1 + -5 - (2 - 5)) + -3.
-4
Calculate 3 - (2 + -2 + -4 + 3).
4
-2 - (-13 - (-17 - -10))
4
Evaluate (4 - 4) + (-4 - -2 - 3).
-5
Evaluate 2 + (5 + -10 - 8).
-11
Calculate -49 - -40 - (-2 - 2).
-5
3 - (-1 + (1 - 3) - -2)
4
What is the value of (4 + -8 - -9) + (-2 - 3)?
0
What is the value of (-20 - -16) + 9 + (-2 - -3)?
6
Calculate -2 - -6 - (1 + -6 + 2).
7
Evaluate -1 + 2 - 2 - 2.
-3
4 + 2 + (-1 - 5)
0
7 + (-1 - (1 + 4 + -3))
4
-19 + 24 - (-2 + 2 + 8)
-3
(-10 - -2 - -3) + 14
9
(-1 - -3) + 0 + -4 + 1
-1
Calculate -3 + -1 + -1 + 1.
-4
Calculate -3 + (8 - -3) + -4.
4
What is 0 + 1 + 1 - (-3 + 6)?
-1
What is the value of (-2 - -5) + -3 + 1 - 4?
-3
8 - (11 + (7 - 12))
2
What is 6 - (8 - 15 - -10)?
3
Calculate (-1 - 0 - -1) + (9 - 13).
-4
What is 0 + (2 - 1 - 3 - 0)?
-2
What is the value of 1 - 4 - (-11 - (-5 + -8))?
-5
Calculate -12 - -14 - (4 + 1).
-3
What is -7 - -3 - (-9 - 1) - 1?
5
What is the value of 0 - (-4 + 4 + -2 + -3)?
5
7 - (1 + -3 + 4)
5
-18 + 17 + (-6 - -2)
-5
-1 + -2 + -7 + 24 + -9
5
What is 4 - (11 - -2 - (-1 + 3))?
-7
What is the value of -1 - (-2 + 1) - (0 - -4)?
-4
What is the value of (2 - (0 + 1)) + (8 - 12)?
-3
Calculate (-7 + 3 - -6) + -7 + 6.
1
0 - (-6 + (3 - -2))
1
(-2 + 2 - 9) + 15
6
What is (-3 + 3 - 4 - -7) + -4?
-1
What is -6 - ((0 - -1) + -11)?
4
-2 - ((11 - 9) + (0 - 3))
-1
What is the value of (9 - 10 - 3) + 1?
-3
Evaluate -2 + 1 - (-22 - (-11 - 5)).
5
-4 + 5 + (15 - 21)
-5
Calculate 81 + -90 + 16 + 2.
9
What is 0 + -1 + (-3 - (6 + -8))?
-2
Evaluate -3 + (6 + -10 - 1).
-8
What is the value of -1 - (5 - (6 - 3)) - -3?
0
Calculate (-2 - -4) + 10 + -13 - 5.
-6
Calculate 8 - (-1 - (1 - 6)).
4
Calculate -4 + 0 + -8 + 6.
-6
Evaluate 3 + -2 + 3 + -1 + 0.
3
What is (2 - 1) + 1 + 1?
3
Calculate (-2 - -5) + -1 + -7 + 5.
0
What is the value of 6 - (-1 + -2 + 7)?
2
What is the value of 4 + 0 + (2 - 3)?
3
What is (-2 - -1) + 5 + -6?
-2
What is (6 - 11) + (1 - 1) + 0?
-5
What is (-3 - -4 - 5) + 7?
3
What is 0 + (3 - (2 + 3)) + -1?
-3
What is the value of 7 + 1 - (9 + -5)?
4
Calculate -8 + 12 - ((1 - 3) + 2).
4
Calculate (1 - -7) + 1